7*o - 98. What is i(9)?
55
Let x(p) = -6*p**3 - 1. Determine x(1).
-7
Let f(v) = v**3 - 9*v**2 + 9*v - 6. Calculate f(8).
2
Let p(u) = -u - 14. Calculate p(-17).
3
Let j(g) = g**3 + 5*g**2. What is j(-5)?
0
Let g(m) = 6*m - 3. What is g(0)?
-3
Let o(p) = 4*p + 83. Determine o(-20).
3
Let w(d) = -d**2 + d + 6. Determine w(3).
0
Let r(q) = q**2 - 8*q - 5. Give r(6).
-17
Let q(c) = 20*c + 4. Give q(-3).
-56
Let i(v) = 2*v - 25. What is i(7)?
-11
Let k(b) = -b**3 + 10*b**2 - 12*b + 2. Determine k(9).
-25
Let a(g) = g**2 - 7*g - 3. What is a(9)?
15
Let c(h) = 22*h**3 + 3*h**2 - h - 1. Determine c(1).
23
Let n(u) = -7*u + 209. Give n(36).
-43
Let x(i) = -4*i + 10. Give x(4).
-6
Let h(x) = 3*x**2 + 4*x - 5. Give h(2).
15
Let v(u) = 6*u - 136. What is v(18)?
-28
Let y(x) = x**3 + 6*x**2 + 15*x - 2. Give y(-3).
-20
Let h(a) = -3*a - 100. Give h(-33).
-1
Let p(h) = 3*h - 15. What is p(9)?
12
Let g(s) = -29*s**2 + 4*s + 2. Give g(-1).
-31
Let g(q) = q**2 - 20*q + 33. Calculate g(19).
14
Let o(y) = -10*y - 7. Determine o(-3).
23
Let c(f) = 3*f + 15. Calculate c(-5).
0
Let a(w) = -w**2 + 14*w + 35. Give a(15).
20
Let v(w) = w**3 - 3*w**2 + 2*w - 26. Give v(4).
-2
Let t(p) = -4*p**2 + 5*p - 3. Determine t(1).
-2
Let d(z) = 9*z + 3. Determine d(-2).
-15
Let s(r) = -r**3 + 18*r**2 - 18*r + 5. Determine s(17).
-12
Let h(b) = -b - 4. Calculate h(7).
-11
Let u(c) = c**2 - 3*c - 36. Calculate u(6).
-18
Let x(f) = f**3 + 22*f**2 + 19*f - 27. Calculate x(-21).
15
Let g(a) = a**2 + 2*a + 1. What is g(-5)?
16
Let x(h) = -h**3 - 8*h**2 + 8*h - 17. Calculate x(-9).
-8
Let q(y) = 13*y - 132. What is q(10)?
-2
Let u(k) = -58*k + 2. Determine u(1).
-56
Let c(i) = -i**3 + 11*i**2 - 12*i + 12. Determine c(10).
-8
Let u(g) = g - 6. Give u(10).
4
Let t(p) = -6*p - 29. Calculate t(-7).
13
Let b(z) = 30*z - 33. Give b(1).
-3
Let m(c) = c - 1. Determine m(2).
1
Let x(s) = -s**3 - 3*s**2 - s - 6. Give x(0).
-6
Let d(z) = z**2 - 48*z - 96. Determine d(50).
4
Let q(l) = -l**3 - 2*l**2. Give q(-2).
0
Let v(l) = -l + 2. Give v(-2).
4
Let j(y) = -4*y - 48. Give j(-6).
-24
Let n(j) = j**2 + 7*j + 7. Determine n(-2).
-3
Let a(m) = -m + 12. Calculate a(6).
6
Let m(n) = n**3 - 17*n**2 + 28*n + 36. What is m(15)?
6
Let m(y) = 17*y**3 - y**2 - 4*y - 2. Calculate m(-1).
-16
Let k(p) = p - 7. Calculate k(0).
-7
Let v(f) = -18*f + 234. What is v(13)?
0
Let m(d) = -d**2 + d + 3. Give m(-6).
-39
Let n(a) = -a**2 + a + 9. Give n(-3).
-3
Let r(v) = v - 13. Calculate r(8).
-5
Let y(f) = f**3 + f**2 - f - 22. What is y(0)?
-22
Let i(q) = q - 2. Calculate i(-4).
-6
Let a(h) = 3*h**2 + 23*h - 8. Determine a(-6).
-38
Let q(f) = -f + 4. Calculate q(-5).
9
Let g(u) = -u**3 + 6*u**2 - 6*u + 10. Determine g(4).
18
Let g(w) = -w**3 - 7*w**2 - 12*w - 7. Give g(-5).
3
Let t(h) = -h**3 - 7*h**2 - 9*h - 8. Give t(-6).
10
Let y(x) = -6*x + 31. Give y(-14).
115
Let j(c) = -c**3 - 7*c**2 - 5*c - 1. What is j(-2)?
-11
Let f(s) = -s**2 + 10*s + 5. Give f(-4).
-51
Let a(w) = -9*w + 6. Calculate a(4).
-30
Let y(u) = -u + 6. Calculate y(9).
-3
Let w(a) = 2*a**2 - 4*a - 1. Determine w(3).
5
Let c(y) = -y**2 + 5*y - 9. Give c(8).
-33
Let l(p) = -p**3 - 5*p**2 + 6*p + 10. Give l(-6).
10
Let x(s) = -2*s**3 + 12*s**2 - 12*s + 6. Calculate x(5).
-4
Let x(w) = -16*w**3 + 2*w**2 + 4*w + 2. Give x(-1).
16
Let y(w) = 2*w**2 + 5*w - 1. What is y(-5)?
24
Let c(b) = 5*b + 7. Calculate c(-5).
-18
Let z(d) = -d**2 - 57*d + 912. Calculate z(13).
2
Let j(d) = -22*d + 49. Calculate j(2).
5
Let j(u) = 2*u**2 - 16*u + 27. Determine j(7).
13
Let l(r) = 8*r + 2. Calculate l(-2).
-14
Let w(m) = 2*m + 5. Give w(-5).
-5
Let u(r) = -r**3 - 9*r**2 - 3*r + 40. What is u(-8)?
0
Let f(b) = 2*b**3 - 3*b**2 + b - 1. Determine f(2).
5
Let h(b) = -30*b - 1. Give h(0).
-1
Let b(x) = -x + 7. Calculate b(3).
4
Let t(l) = -10*l + 28. Calculate t(15).
-122
Let m(v) = -10*v + 1. What is m(6)?
-59
Let v(z) = -23*z - 68. What is v(-3)?
1
Let m(q) = -q**3 - 11*q**2 - 9*q + 13. What is m(-10)?
3
Let p(x) = -2*x**2 - 13*x + 95. Calculate p(-11).
-4
Let i(w) = 8*w - 54. Give i(7).
2
Let t(s) = s**3 - 21*s**2 + s - 25. Calculate t(21).
-4
Let d(j) = j**3 + 5*j**2 - 5*j - 1. Calculate d(-6).
-7
Let v(f) = 11*f**3 - 2*f**2 - f - 1. Calculate v(1).
7
Let b(k) = 6*k + 472. Calculate b(-79).
-2
Let q(j) = -j**3 - 5*j**2 + 19*j + 27. What is q(-7)?
-8
Let l(w) = -3*w**3 + 2*w**2 - 5*w + 2. Calculate l(1).
-4
Let d(f) = -2*f**3 + 2*f**2 + 3*f + 2. What is d(3)?
-25
Let d(v) = -3*v**2. What is d(1)?
-3
Let y(k) = -k**3 + 8*k**2 - 5*k + 7. Give y(7).
21
Let j(b) = 12*b - 3. Determine j(-2).
-27
Let p(s) = -7*s - 340. Determine p(-49).
3
Let a(m) = 2*m**2 - 11*m - 15. Give a(6).
-9
Let s(h) = -3*h**2 - 13*h + 3. Determine s(-6).
-27
Let d(j) = 15*j**2 - j - 1. What is d(-1)?
15
Let r(q) = -q**2 + 18*q + 26. Give r(20).
-14
Let w(g) = -2*g**2 + 16*g + 36. What is w(11)?
-30
Let f(j) = -j**2 + 34*j - 178. Give f(7).
11
Let y(o) = -5*o + 20. Give y(4).
0
Let w(a) = 21*a**2 + 2*a - 7. Calculate w(2).
81
Let i(j) = -j**3 - 6*j**2 + 9*j - 2. Calculate i(-7).
-16
Let d(a) = 3*a - 71. Give d(6).
-53
Let y(l) = -l**3 - 4*l**2 + 3*l + 5. Calculate y(-4).
-7
Let y(u) = -u**3 - 4*u**2 - 6*u - 3. Determine y(-4).
21
Let d(o) = 49*o**3 - o**2 + o - 1. What is d(1)?
48
Let z(t) = -5*t - 65. Determine z(-14).
5
Let z(t) = -t**3 - 7*t**2 - 5*t - 36. What is z(-7)?
-1
Let a(o) = -o**3 + o - 32. Calculate a(0).
-32
Let k(d) = d**3 + 3*d**2 + 3*d. Give k(-2).
-2
Let u(y) = -y**3 - 4*y**2 - 4*y - 3. Determine u(-3).
0
Let g(j) = j - 4. Calculate g(-4).
-8
Let p(d) = d**3 + 6*d**2 - 3*d + 3. Calculate p(-6).
21
Let f(w) = -4*w**2 + w + 30. What is f(3)?
-3
Let i(b) = 3*b**2 - 3. Determine i(-2).
9
Let v(t) = t**2 + t - 58. Determine v(6).
-16
Let p(f) = -13*f - 9. Calculate p(-1).
4
Let s(m) = 6*m**2 + 188*m + 56. Give s(-31).
-6
Let i(b) = 2*b**2 + 24*b - 64. Give i(-14).
-8
Let i(a) = a**3 + 5*a**2 - 15*a - 12. What is i(-7)?
-5
Let j(r) = r**2 - 1. Calculate j(0).
-1
Let w(r) = 4*r**2 - 66*r + 40. Determine w(16).
8
Let s(v) = 3*v**3 + 3*v**2 + 6*v + 6. Calculate s(-2).
-18
Let t(q) = -q**3 + 2*q**2 + 2*q - 4. What is t(3)?
-7
Let m(g) = g**2 + 29*g - 60. What is m(2)?
2
Let u(l) = l**3 + 9*l**2 - l + 6. Determine u(-9).
15
Let s(t) = t**2 - 17*t + 17. What is s(11)?
-49
Let x(a) = 3*a**3 - a**2 - a. What is x(-1)?
-3
Let m(r) = r**2 + 11*r + 4. Calculate m(-10).
-6
Let s(p) = -15*p**2 - 2*p. What is s(1)?
-17
Let j(u) = -u**2 - 24*u - 65. Calculate j(-16).
63
Let b(x) = 2*x**2 - 14*x + 8. Calculate b(6).
-4
Let b(z) = -z**3 - 4*z**2 + 2*z + 10. Calculate b(-3).
-5
Let j(h) = 42*h + 378. Determine j(-9).
0
Let k(m) = -2*m + 25. Determine k(12).
1
Let q(v) = -v**3 - 2*v**2 + 9*v + 24. Give q(-3).
6
Let d(o) = -o**2 + 9*o + 2. Give d(4).
22
Let p(l) = 4*l - 14. Calculate p(8).
18
Let d(u) = -u**2 + 3*u - 12. Give d(8).
-52
Let y(j) = 48*j - 2. What is y(1)?
46
Let a(f) = 2*f**2 + 10*f - 15. Determine a(2).
13
Let h(l) = -l**2 - 12*l - 48. What is h(-7)?
-13
Let w(p) = p**3 + 9*p**2 - 4*p - 20. Determine w(-9).
16
Let i(a) = -a**2 - 4*a - 3. Determine i(-2).
1
Let h(i) = i**3 + 22*i**2 + 16*i + 34. Determine h(-21).
139
Let r(v) = -2*v**2 + 11*v - 13. What is r(2)?
1
Let c(w) = 2*w + 5. Calculate c(7).
19
Let h(g) = 7*g + 1. Determine h(12).
85
Let x(l) = 3*l**2 + 8*l - 23. What is x(-5)?
12
Let g(z) = 17*z - 17. What is g(-8)?
-153
Let o(h) = -19*h - 124. What is o(-7)?
9
Let r(d) = 2*d**3 + 11*d**2 + 5*d + 11. Calculate r(-5).
11
Let d(p) = -7*p + 114. Determine d(16).
2
Let v(g) = 2*g**3 - 6*g**2 + 9*g + 1. Give v(2).
11
Let v(q) = 91*q - 358. Calculate v(4).
6
Let a(u) = -u**2 + 32*u - 10. Calculate a(31).
21
Let f(j) = 3*j**3 - j**2 + 7*j - 15. Calculate f(2).
19
Let h(y) = -y - 6. Determine h(5).
-11
Let n(d) = -d**3 + 13*d**2 - 3*d + 16. Calculate n(13).
-23
Let o(x) = -4*x - 116. Calculate o(-27).
-8
Let k(y) = -14*y - 228. Give k(-16).
-4
Let b(q) = -3*q**3 - q**2 + q + 6. Give b(-2).
24
Let q(b) = b**3 + 13*b**2 - 15*b - 21. Calculate q(-14).
-7
Let t(s) = s**3 + 4*s**2 + 2*s - 1. Give t(-4).
-9
Let g(v) = -5*v**2 - 7*v + 54. Determine g(-4).
2
Let w(l) = -7*l - 255. Determine w(-36).
-3
Let v(t) = -t**2 - 11*t - 10. Calculate v(-10).
0
Let z(t) = -t**2 + 13*t - 17. Determine z(8).